l. What is the tens digit of l?
1
Suppose 3*a = 9, 5*h + 0*h = -2*a - 49. Let l = -2 - h. What is the units digit of l?
9
Let u = 443 + -3. What is the units digit of u?
0
Let n = 22 - 20. Suppose -3*x + 159 = w, n*w - 3*x = -2*w + 561. What is the hundreds digit of w?
1
Suppose w - 646 = 228. What is the units digit of w?
4
Let g(a) = a**2 + 8 - 1 - 67*a - 63*a + 118*a. What is the units digit of g(13)?
0
Let o = -10 - -14. Suppose -i = i + j - 22, o*i + 4*j = 44. Let y(f) = -f**2 + 13*f + 2. What is the units digit of y(i)?
4
Suppose 525 + 1821 = 3*z. Suppose -3*q + z = 4*n, -2 = -0*q + q. What is the units digit of n?
7
Let a(y) = -2*y - 10. Let w be a(-5). Let o(g) = 3*g + 2. Let i be o(5). Suppose z + s - i = w, -z - 4*s + 82 = 4*z. What is the units digit of z?
4
Let k = 6 + 0. Suppose -k*u + 120 = -10*u. What is the tens digit of (32/(-10))/4*u?
2
Suppose -27*h + 37*h = 1490. Suppose -l + 108 = -h. What is the hundreds digit of l?
2
Let s = -840 - -1170. What is the units digit of s?
0
Let y(n) = -1908*n - 53. What is the hundreds digit of y(-2)?
7
Suppose -2*h = -5*q + 13, -4*q + 7 = -2*h - q. Let c be (3 + -5)*h + -4. Let v(d) = d**2 - 5*d + 1. What is the units digit of v(c)?
7
Suppose -20 = -o - 8. Suppose t + 3*u + 6 = 2, 5*u = t - o. What is the units digit of t?
2
Suppose -61 - 35 = 8*s. Let k(q) = -11*q + 25. Let a be k(s). Suppose -v - 3*r + 153 = 3*v, 4*v - r = a. What is the tens digit of v?
3
Suppose 126 = a + 4*g, 5*a = g + 193 + 416. What is the units digit of a?
2
Let x = -12 - -14. Let g be ((-1)/x)/(10/(-20)). Suppose 4*m = g + 19. What is the units digit of m?
5
Let k = 1248 + -460. What is the tens digit of 63/(-42)*k/(-6)?
9
Let r(s) = 3*s**3 + 32*s**2 + 12*s + 43. What is the hundreds digit of r(-9)?
3
Suppose -5*p + 4*s + 13929 = 2374, -5*p + 3*s + 11560 = 0. What is the units digit of p?
5
Let v(n) = -98*n - 97. What is the hundreds digit of v(-5)?
3
Let t(v) = -10 - 3*v + 2 + 4*v. Let r be t(13). Suppose 3*b = -15, -3*u + 21 - r = 4*b. What is the tens digit of u?
1
Suppose h = v - 509, 5*v - 519 = 4*v + 3*h. What is the units digit of v?
4
Let m = -2 + -21. Let f = m + 27. Suppose 22 = t - 4*k, 5*t - 212 = -f*k - 54. What is the tens digit of t?
3
Suppose -5*m + 15 = -r, -5 = -4*r + 3*r. Let w(x) = 33*x - 15. What is the hundreds digit of w(m)?
1
Let i(s) = -117*s - 329. What is the thousands digit of i(-22)?
2
Let i be 2*-1*(4 + 0 - 5). What is the tens digit of (-226 - i)/4*(-4)/6?
3
Let h be 0 + 0 - -18 - (-20)/(-20). Let g = h + 91. What is the tens digit of g?
0
Suppose 91*a + 6318 = 94*a. What is the thousands digit of a?
2
Let k(i) = 2*i**2 - 8*i - 13. Let d be k(9). Suppose z = -a + 27, -3*z + 0*a = a - d. What is the units digit of z?
5
Let r(w) = -7*w - 10. Let f be r(-3). Suppose -5*k + f = -4, 0 = o + 2*k - 45. What is the tens digit of o?
3
Suppose 4*l - 73*l + 329475 = 0. What is the hundreds digit of l?
7
Let u be (24/9)/(1/129). Suppose 10*o - u = 8*o. What is the hundreds digit of o?
1
What is the hundreds digit of (-14)/((-154)/33) - (-237 - 0)?
2
Let h(j) be the second derivative of 5*j**3/6 + 10*j**2 - j. What is the units digit of h(8)?
0
Suppose -3*u = -0 + 9, -2*z + 2*u + 6 = 0. Let f be z/((-1)/(2/4)). What is the tens digit of f - -77 - (-8 + 11)?
7
Let l(g) = -4*g**2. Let u be l(-1). Let r(s) = 5*s**2 + 4*s + 4. What is the units digit of r(u)?
8
Let k = 73 + -68. Suppose 624 = k*p + 79. What is the hundreds digit of p?
1
Let u(m) = 2*m + 10. Let l be u(-6). What is the tens digit of (13 - l)/(6/4)?
1
Let d(q) = -q**2 + 10*q - 11. Let n be d(7). Suppose 0 = n*c - 9*c - 285. What is the tens digit of c?
8
Let k(m) = -2*m**2 + 6*m + 8. Let n be k(7). Let o = -33 - n. Let i(y) = y + 8. What is the units digit of i(o)?
3
Let k = 7 - 3. Let h be (13 - (k - 0))/1. What is the units digit of (-332)/(-10) + h/(-45)?
3
Suppose -2*z + 29 = 5*h + 2*z, -5*h + 24 = -z. Suppose h*c = -2*g + 7, -2*g = 4*c - 2*c - 10. Suppose 9*o = g*o + 126. What is the units digit of o?
2
Let x(z) = -z**3 - z**2 - 3*z + 104. Suppose -2*b = 4*g + 4, 2*g + 2*b = -3*b - 10. What is the units digit of x(g)?
4
Suppose -93*v = -188887 - 105458. What is the hundreds digit of v?
1
Let c be (-492)/(-156) - 4/26. Let s be (-18)/(-8)*4/c. Suppose 8 = w + s. What is the units digit of w?
5
Let z(b) = b**2 + 3*b + 7. Let u(t) = -1. Let r(d) = 4*u(d) + z(d). Let k be r(-9). Suppose 2*i - 2*q - 77 = q, q = -2*i + k. What is the units digit of i?
1
Let b = -106 + 24. Suppose -3*o = -0*o + 156. Let r = o - b. What is the units digit of r?
0
What is the units digit of ((-1)/(-3))/(7/8337)?
7
Let a = -6 + 8. Suppose 5*b - 425 = 3*n, -2*n - a*n = b - 85. Suppose -5*w + 5 = 0, -b = -3*u - 2*w + 7. What is the tens digit of u?
3
Suppose 156399 = 39*c + 52191. What is the units digit of c?
2
Suppose 4*q + 4*t + 32 = 0, 0*q + 5*t - 48 = 3*q. Let p = 11 + q. Suppose 5*n - 346 = -p*n + 3*i, -208 = -3*n + 2*i. What is the tens digit of n?
6
Let d be -3 + -2*4/(-16)*0. Let i = d - -89. What is the tens digit of i?
8
Let k(x) = -74*x - 31. What is the units digit of k(-5)?
9
Suppose 3*s + 31 = 2*c, -2*s + 5*s + 5*c - 4 = 0. Let w be (s/2 - -3)*-24. Let k = 25 - w. What is the tens digit of k?
1
Let m(r) be the third derivative of r**4/8 - r**3/6 + 2*r**2. Suppose 0 = -2*d - 4*c - 5 + 17, 5*c = -4*d + 21. What is the units digit of m(d)?
1
Let y = -7 - -7. Let v = 3 + y. Suppose 2*p = v*p - 17. What is the tens digit of p?
1
Let l(n) = -2*n + 89. What is the units digit of l(-19)?
7
Let n = 299 + -133. What is the units digit of n?
6
Suppose -5*y - 3*g + 2280 = -2*y, -y + 751 = -2*g. What is the hundreds digit of y?
7
Let p be 9/54 + (-2)/12. Suppose -4*y + 19 + 21 = p. What is the tens digit of 6/y + (-1360)/(-25)?
5
Let o be 10/25*(-1 + 6). Suppose -4*y = -o*n + 22 + 2, 2*y - 28 = -n. What is the units digit of n?
0
Let h(z) be the third derivative of 0 - 1/60*z**6 + z**3 + 1/12*z**4 - 1/20*z**5 - 4*z**2 + 0*z. What is the units digit of h(-3)?
7
Let v(g) = 3*g**3 - 9*g**2 - 20*g + 12. What is the tens digit of v(8)?
1
Let y = 76 + 222. What is the tens digit of y?
9
Let p be (-20)/(-6)*282/4. Suppose -8*g + 53 = -p. What is the units digit of g?
6
Let l(o) = 30*o**3 + 3*o - 3. What is the hundreds digit of l(2)?
2
Let w(h) = -116*h - 4. What is the hundreds digit of w(-3)?
3
Suppose 2*q + 4*u - 602 = 0, -4*q - 3*u + 455 = -749. What is the hundreds digit of q?
3
Suppose -11*b + 1264 + 3774 = 0. What is the hundreds digit of b?
4
Let a be 11 + 2/(6/3). Suppose -2*j + a = j - 3*u, 12 = 5*j - u. Suppose -j*i - 2*w = -46, -7*i + 4*i = w - 63. What is the tens digit of i?
2
Let f = 0 + 17. Suppose -19*w = -87 + 11. Suppose 0 = w*b - 5*b + f. What is the tens digit of b?
1
Suppose 358*d - 78 = 356*d. What is the units digit of d?
9
Let t(s) = -2*s**3 + 49*s**2 + 35. What is the thousands digit of t(15)?
4
Let n(q) = -q**3 + 12*q**2 - 10*q - 9. Let o be n(11). Let a be -2 - (1 + (o - 17)). Suppose -136 = a*i - 16*i. What is the units digit of i?
4
Suppose 2*r + 275 = -z + 4090, 0 = 3*z + 4*r - 11441. What is the thousands digit of z?
3
Let t = 8 + -8. Suppose 2*n - n - 36 = t. Suppose 2*k + n = 6*k. What is the units digit of k?
9
Suppose 0*a = -a + 4. Let n be (-62)/(-22) - a/(-22). Suppose -5 = -5*x, 5*x - 62 = -0*l - n*l. What is the units digit of l?
9
Let p = 1868 + -1263. What is the units digit of p?
5
Let h = 2 - -48. Suppose -h = -3*p + 22. Let m = 42 - p. What is the units digit of m?
8
Let q be 2/3*30/(-5). What is the tens digit of 126/q*(-20)/10?
6
Let c(m) = m**3 + 6*m**2 + 4*m - 4. Let k be c(-4). Suppose k = q + q. Let f(j) = 3*j**2 - 6*j - 6. What is the units digit of f(q)?
6
Suppose -2*p = 5*n - 22 + 3, -4*n = 3*p - 11. Suppose -j + 4*j = -15, 2*j + 35 = n*q. What is the units digit of 188*(15/12)/q?
7
Let j = 28 - -220. Suppose 22*y - 14*y = j. What is the tens digit of y?
3
Let r(z) = -25*z**2 - 3*z + 12. Let d be r(2). Let a = d - -149. What is the tens digit of a?
5
Let s(n) = 2*n**2 - 13*n - 38. Suppose 2*q = 6, -3*b + 3*q + 10 = -17. What is the tens digit of s(b)?
9
What is the units digit of (-1980 - -4)*-2 + -2?
0
Suppose 0 = -17*d + 11*d + 846. Let v = -96 + d. What is the units digit of v?
5
Suppose 0*y + 132 = -3*y